{"id":1757,"date":"2024-09-27T10:06:48","date_gmt":"2024-09-27T10:06:48","guid":{"rendered":"https:\/\/www.pastadabruzzo.de\/?page_id=1757"},"modified":"2025-11-02T15:44:57","modified_gmt":"2025-11-02T15:44:57","slug":"startseite","status":"publish","type":"page","link":"https:\/\/www.pastadabruzzo.de\/","title":{"rendered":"Startseite"},"content":{"rendered":"\n<p class=\"has-text-align-center\">Bei pasta d\u2019abruzzo bringen wir die authentischen Aromen Italiens ins Herz von Berlin.                       Gegr\u00fcndet im Jahr 2011, widmet sich unsere Pastamanufaktur in Moabit der Herstellung frischer, handgemachter Pasta nach traditionellen Techniken, die \u00fcber Generationen in Pratola Peligna, einem historischen Dorf in der Region Abruzzen, weitergegeben wurden.<\/p>\n\n\n\n<p class=\"has-text-align-center\">Zus\u00e4tzlich zu unserem Hauptgesch\u00e4ft, der Produktion und dem Verkauf von frischer Pasta zur eigenen Zubereitung zu Hause, bieten wir jeden Tag zwischen 11:30 und 14:30 Uhr ein frisch gekochtes Mittagessen zum Au\u00dferhausverzehr an. Was es an welchem Tag gibt, k\u00f6nnen Sie unserer aktuellen <a href=\"https:\/\/www.pastadabruzzo.de\/?page_id=1768\" data-type=\"page\" data-id=\"1768\">Wochenkarte <\/a>entnehmen, welche jeden Montag aktualisiert wird.\u00a0Wenn Sie mal keine Zeit haben und nicht im Laden auf die Zubereitung des Gerichts warten m\u00f6chten, k\u00f6nnen Sie gerne vorher anrufen und ihre Ankunft ank\u00fcndigen. Im besten Fall wartet das Gericht dann auf Sie!<\/p>\n","protected":false},"excerpt":{"rendered":"<p>Bei pasta d\u2019abruzzo bringen wir die authentischen Aromen Italiens ins Herz von Berlin. Gegr\u00fcndet im Jahr 2011, widmet sich unsere Pastamanufaktur in Moabit der Herstellung frischer, handgemachter Pasta nach traditionellen Techniken, die \u00fcber Generationen in Pratola Peligna, einem historischen Dorf in der Region Abruzzen, weitergegeben wurden. Zus\u00e4tzlich zu unserem Hauptgesch\u00e4ft, der Produktion und dem Verkauf [&hellip;]<\/p>\n","protected":false},"author":1,"featured_media":285,"parent":0,"menu_order":0,"comment_status":"closed","ping_status":"closed","template":"","meta":{"footnotes":""},"class_list":["post-1757","page","type-page","status-publish","has-post-thumbnail","hentry"],"jetpack_sharing_enabled":true,"_links":{"self":[{"href":"https:\/\/www.pastadabruzzo.de\/index.php?rest_route=\/wp\/v2\/pages\/1757","targetHints":{"allow":["GET"]}}],"collection":[{"href":"https:\/\/www.pastadabruzzo.de\/index.php?rest_route=\/wp\/v2\/pages"}],"about":[{"href":"https:\/\/www.pastadabruzzo.de\/index.php?rest_route=\/wp\/v2\/types\/page"}],"author":[{"embeddable":true,"href":"https:\/\/www.pastadabruzzo.de\/index.php?rest_route=\/wp\/v2\/users\/1"}],"replies":[{"embeddable":true,"href":"https:\/\/www.pastadabruzzo.de\/index.php?rest_route=%2Fwp%2Fv2%2Fcomments&post=1757"}],"version-history":[{"count":12,"href":"https:\/\/www.pastadabruzzo.de\/index.php?rest_route=\/wp\/v2\/pages\/1757\/revisions"}],"predecessor-version":[{"id":2063,"href":"https:\/\/www.pastadabruzzo.de\/index.php?rest_route=\/wp\/v2\/pages\/1757\/revisions\/2063"}],"wp:featuredmedia":[{"embeddable":true,"href":"https:\/\/www.pastadabruzzo.de\/index.php?rest_route=\/wp\/v2\/media\/285"}],"wp:attachment":[{"href":"https:\/\/www.pastadabruzzo.de\/index.php?rest_route=%2Fwp%2Fv2%2Fmedia&parent=1757"}],"curies":[{"name":"wp","href":"https:\/\/api.w.org\/{rel}","templated":true}]}}